{"version":"1.0","provider_name":"Crea Roma","provider_url":"https:\/\/www.crea.gov.co\/crea-roma","author_name":"taniamojica","author_url":"https:\/\/www.crea.gov.co\/crea-roma\/author\/taniamojica\/","title":"Dirigir IDARTES es un PRIVILEGIO: Mauricio Galeano - Crea Roma","type":"rich","width":600,"height":338,"html":"<blockquote class=\"wp-embedded-content\" data-secret=\"Z5CQkacvea\"><a href=\"https:\/\/www.crea.gov.co\/crea-roma\/dirigir-idartes-es-un-privilegio-mauricio-galeano\/\"><strong>Dirigir IDARTES es un PRIVILEGIO: Mauricio Galeano<\/strong><\/a><\/blockquote><iframe sandbox=\"allow-scripts\" security=\"restricted\" src=\"https:\/\/www.crea.gov.co\/crea-roma\/dirigir-idartes-es-un-privilegio-mauricio-galeano\/embed\/#?secret=Z5CQkacvea\" width=\"600\" height=\"338\" title=\"&#8220;&lt;strong&gt;Dirigir IDARTES es un PRIVILEGIO: Mauricio Galeano&lt;\/strong&gt;&#8221; &#8212; Crea Roma\" data-secret=\"Z5CQkacvea\" frameborder=\"0\" marginwidth=\"0\" marginheight=\"0\" scrolling=\"no\" class=\"wp-embedded-content\"><\/iframe><script type=\"text\/javascript\">\n\/* <![CDATA[ *\/\n\/*! This file is auto-generated *\/\n!function(d,l){\"use strict\";l.querySelector&&d.addEventListener&&\"undefined\"!=typeof URL&&(d.wp=d.wp||{},d.wp.receiveEmbedMessage||(d.wp.receiveEmbedMessage=function(e){var t=e.data;if((t||t.secret||t.message||t.value)&&!\/[^a-zA-Z0-9]\/.test(t.secret)){for(var s,r,n,a=l.querySelectorAll('iframe[data-secret=\"'+t.secret+'\"]'),o=l.querySelectorAll('blockquote[data-secret=\"'+t.secret+'\"]'),c=new RegExp(\"^https?:$\",\"i\"),i=0;i<o.length;i++)o[i].style.display=\"none\";for(i=0;i<a.length;i++)s=a[i],e.source===s.contentWindow&&(s.removeAttribute(\"style\"),\"height\"===t.message?(1e3<(r=parseInt(t.value,10))?r=1e3:~~r<200&&(r=200),s.height=r):\"link\"===t.message&&(r=new URL(s.getAttribute(\"src\")),n=new URL(t.value),c.test(n.protocol))&&n.host===r.host&&l.activeElement===s&&(d.top.location.href=t.value))}},d.addEventListener(\"message\",d.wp.receiveEmbedMessage,!1),l.addEventListener(\"DOMContentLoaded\",function(){for(var e,t,s=l.querySelectorAll(\"iframe.wp-embedded-content\"),r=0;r<s.length;r++)(t=(e=s[r]).getAttribute(\"data-secret\"))||(t=Math.random().toString(36).substring(2,12),e.src+=\"#?secret=\"+t,e.setAttribute(\"data-secret\",t)),e.contentWindow.postMessage({message:\"ready\",secret:t},\"*\")},!1)))}(window,document);\n\/* ]]> *\/\n<\/script>\n","description":"No te pierdas esta entrevista realizada a nuestro director por ArtMagazine Colombia [Esta entrevista&nbsp;hace parte de&nbsp;la edici\u00f3n n\u00famero 17 de la revista digital e independiente&nbsp;ArtMagazine Colombia] Por: Sara Herrera Fotos: Manuel Valle @vallefotograf\u00eda_artistavisual Es el director del Instituto Distrital de las Artes de Bogot\u00e1, Idartes. Entidad creada hace m\u00e1s de una d\u00e9cada, a la que [&hellip;]","thumbnail_url":"https:\/\/www.crea.gov.co\/crea-roma\/wp-content\/uploads\/sites\/10\/2023\/10\/image-2-1012x1024.png"}

No te pierdas esta entrevista realizada a nuestro director por ArtMagazine Colombia [Esta entrevista&nbsp;hace parte de&nbsp;la edición número 17 de la revista digital e independiente&nbsp;ArtMagazine Colombia] Por: Sara Herrera Fotos: Manuel Valle @vallefotografía_artistavisual Es el director del Instituto Distrital de las Artes de Bogotá, Idartes. Entidad creada hace más de una década, a la que [&hellip;]
