{"version":"1.0","provider_name":"Crea Roma","provider_url":"https:\/\/www.crea.gov.co\/crea-roma","author_name":"taniamojica","author_url":"https:\/\/www.crea.gov.co\/crea-roma\/author\/taniamojica\/","title":"CREA EN MOVIMIENTO UN ESPACIO PARA ENCONTRARNOS! - Crea Roma","type":"rich","width":600,"height":338,"html":"<blockquote class=\"wp-embedded-content\" data-secret=\"DZoaeu2zwf\"><a href=\"https:\/\/www.crea.gov.co\/crea-roma\/crea-en-movimiento-un-espacio-para-encontrarnos\/\">CREA EN MOVIMIENTO UN ESPACIO PARA ENCONTRARNOS!<\/a><\/blockquote><iframe sandbox=\"allow-scripts\" security=\"restricted\" src=\"https:\/\/www.crea.gov.co\/crea-roma\/crea-en-movimiento-un-espacio-para-encontrarnos\/embed\/#?secret=DZoaeu2zwf\" width=\"600\" height=\"338\" title=\"&#8220;CREA EN MOVIMIENTO UN ESPACIO PARA ENCONTRARNOS!&#8221; &#8212; Crea Roma\" data-secret=\"DZoaeu2zwf\" frameborder=\"0\" marginwidth=\"0\" marginheight=\"0\" scrolling=\"no\" class=\"wp-embedded-content\"><\/iframe><script type=\"text\/javascript\">\n\/* <![CDATA[ *\/\n\/*! This file is auto-generated *\/\n!function(d,l){\"use strict\";l.querySelector&&d.addEventListener&&\"undefined\"!=typeof URL&&(d.wp=d.wp||{},d.wp.receiveEmbedMessage||(d.wp.receiveEmbedMessage=function(e){var t=e.data;if((t||t.secret||t.message||t.value)&&!\/[^a-zA-Z0-9]\/.test(t.secret)){for(var s,r,n,a=l.querySelectorAll('iframe[data-secret=\"'+t.secret+'\"]'),o=l.querySelectorAll('blockquote[data-secret=\"'+t.secret+'\"]'),c=new RegExp(\"^https?:$\",\"i\"),i=0;i<o.length;i++)o[i].style.display=\"none\";for(i=0;i<a.length;i++)s=a[i],e.source===s.contentWindow&&(s.removeAttribute(\"style\"),\"height\"===t.message?(1e3<(r=parseInt(t.value,10))?r=1e3:~~r<200&&(r=200),s.height=r):\"link\"===t.message&&(r=new URL(s.getAttribute(\"src\")),n=new URL(t.value),c.test(n.protocol))&&n.host===r.host&&l.activeElement===s&&(d.top.location.href=t.value))}},d.addEventListener(\"message\",d.wp.receiveEmbedMessage,!1),l.addEventListener(\"DOMContentLoaded\",function(){for(var e,t,s=l.querySelectorAll(\"iframe.wp-embedded-content\"),r=0;r<s.length;r++)(t=(e=s[r]).getAttribute(\"data-secret\"))||(t=Math.random().toString(36).substring(2,12),e.src+=\"#?secret=\"+t,e.setAttribute(\"data-secret\",t)),e.contentWindow.postMessage({message:\"ready\",secret:t},\"*\")},!1)))}(window,document);\n\/* ]]> *\/\n<\/script>\n","description":"\u00a1El arte se toma espacios no convencionales de la ciudad! Tendremos cinco d\u00edas, cinco espacios y m\u00e1s de 50 de muestras, presentaciones y talleres abiertos al p\u00fablico, as\u00ed ser\u00e1 #CreaEnMovimiento, el evento que inundar\u00e1 la ciudad de arte. En estos eventos, que se realizar\u00e1n los d\u00edas 19, 26 de agosto, 2, 9 y 10 de [&hellip;]","thumbnail_url":"https:\/\/www.crea.gov.co\/crea-roma\/wp-content\/uploads\/sites\/10\/2023\/08\/imagen-de-circuito-arte-en-la-escuela-819x1024.jpg"}

¡El arte se toma espacios no convencionales de la ciudad! Tendremos cinco días, cinco espacios y más de 50 de muestras, presentaciones y talleres abiertos al público, así será #CreaEnMovimiento, el evento que inundará la ciudad de arte. En estos eventos, que se realizarán los días 19, 26 de agosto, 2, 9 y 10 de [&hellip;]
