{"version":"1.0","provider_name":"Crea Roma","provider_url":"https:\/\/www.crea.gov.co\/crea-roma","author_name":"dianahenao","author_url":"https:\/\/www.crea.gov.co\/crea-roma\/author\/dianahenao\/","title":"Circuito Arte en la Escuela 2022 - Crea Roma","type":"rich","width":600,"height":338,"html":"<blockquote class=\"wp-embedded-content\" data-secret=\"1LjzBiwLpO\"><a href=\"https:\/\/www.crea.gov.co\/crea-roma\/circuito-arte-en-la-escuela-2022\/\">Circuito Arte en la Escuela 2022<\/a><\/blockquote><iframe sandbox=\"allow-scripts\" security=\"restricted\" src=\"https:\/\/www.crea.gov.co\/crea-roma\/circuito-arte-en-la-escuela-2022\/embed\/#?secret=1LjzBiwLpO\" width=\"600\" height=\"338\" title=\"&#8220;Circuito Arte en la Escuela 2022&#8221; &#8212; Crea Roma\" data-secret=\"1LjzBiwLpO\" frameborder=\"0\" marginwidth=\"0\" marginheight=\"0\" scrolling=\"no\" class=\"wp-embedded-content\"><\/iframe><script type=\"text\/javascript\">\n\/* <![CDATA[ *\/\n\/*! This file is auto-generated *\/\n!function(d,l){\"use strict\";l.querySelector&&d.addEventListener&&\"undefined\"!=typeof URL&&(d.wp=d.wp||{},d.wp.receiveEmbedMessage||(d.wp.receiveEmbedMessage=function(e){var t=e.data;if((t||t.secret||t.message||t.value)&&!\/[^a-zA-Z0-9]\/.test(t.secret)){for(var s,r,n,a=l.querySelectorAll('iframe[data-secret=\"'+t.secret+'\"]'),o=l.querySelectorAll('blockquote[data-secret=\"'+t.secret+'\"]'),c=new RegExp(\"^https?:$\",\"i\"),i=0;i<o.length;i++)o[i].style.display=\"none\";for(i=0;i<a.length;i++)s=a[i],e.source===s.contentWindow&&(s.removeAttribute(\"style\"),\"height\"===t.message?(1e3<(r=parseInt(t.value,10))?r=1e3:~~r<200&&(r=200),s.height=r):\"link\"===t.message&&(r=new URL(s.getAttribute(\"src\")),n=new URL(t.value),c.test(n.protocol))&&n.host===r.host&&l.activeElement===s&&(d.top.location.href=t.value))}},d.addEventListener(\"message\",d.wp.receiveEmbedMessage,!1),l.addEventListener(\"DOMContentLoaded\",function(){for(var e,t,s=l.querySelectorAll(\"iframe.wp-embedded-content\"),r=0;r<s.length;r++)(t=(e=s[r]).getAttribute(\"data-secret\"))||(t=Math.random().toString(36).substring(2,12),e.src+=\"#?secret=\"+t,e.setAttribute(\"data-secret\",t)),e.contentWindow.postMessage({message:\"ready\",secret:t},\"*\")},!1)))}(window,document);\n\/* ]]> *\/\n<\/script>\n","thumbnail_url":"https:\/\/www.crea.gov.co\/crea-roma\/wp-content\/uploads\/sites\/10\/2022\/10\/WhatsApp-Image-2022-10-18-at-10.28.45-AM.jpeg","thumbnail_width":1600,"thumbnail_height":1200,"description":"Octubre 4, Teatro Jorge Eliecer Gait\u00e1n El Programa Crea celebr\u00f3 con las ni\u00f1as, ni\u00f1os y adolescentes de los colegios que participan en la l\u00ednea Arte en la Escuela, visibilizando la potencia del trabajo que se ha logrado desde las diferentes articulaciones realizadas con las IED en estos 9 a\u00f1os."}

Octubre 4, Teatro Jorge Eliecer Gaitán El Programa Crea celebró con las niñas, niños y adolescentes de los colegios que participan en la línea Arte en la Escuela, visibilizando la potencia del trabajo que se ha logrado desde las diferentes articulaciones realizadas con las IED en estos 9 años.
