{"version":"1.0","provider_name":"Crea Gustavo Restrepo","provider_url":"https:\/\/www.crea.gov.co\/crea-gustavo-restrepo","author_name":"adrianmoncayo","author_url":"https:\/\/www.crea.gov.co\/crea-gustavo-restrepo\/author\/adrianmoncayo\/","title":"Clausura Festival Creadores a la Escena - Crea Gustavo Restrepo","type":"rich","width":600,"height":338,"html":"<blockquote class=\"wp-embedded-content\" data-secret=\"35yWH3KXGq\"><a href=\"https:\/\/www.crea.gov.co\/crea-gustavo-restrepo\/clausura-festival-creadores-a-la-escena\/\">Clausura Festival Creadores a la Escena<\/a><\/blockquote><iframe sandbox=\"allow-scripts\" security=\"restricted\" src=\"https:\/\/www.crea.gov.co\/crea-gustavo-restrepo\/clausura-festival-creadores-a-la-escena\/embed\/#?secret=35yWH3KXGq\" width=\"600\" height=\"338\" title=\"&#8220;Clausura Festival Creadores a la Escena&#8221; &#8212; Crea Gustavo Restrepo\" data-secret=\"35yWH3KXGq\" frameborder=\"0\" marginwidth=\"0\" marginheight=\"0\" scrolling=\"no\" class=\"wp-embedded-content\"><\/iframe><script type=\"text\/javascript\">\n\/* <![CDATA[ *\/\n\/*! This file is auto-generated *\/\n!function(d,l){\"use strict\";l.querySelector&&d.addEventListener&&\"undefined\"!=typeof URL&&(d.wp=d.wp||{},d.wp.receiveEmbedMessage||(d.wp.receiveEmbedMessage=function(e){var t=e.data;if((t||t.secret||t.message||t.value)&&!\/[^a-zA-Z0-9]\/.test(t.secret)){for(var s,r,n,a=l.querySelectorAll('iframe[data-secret=\"'+t.secret+'\"]'),o=l.querySelectorAll('blockquote[data-secret=\"'+t.secret+'\"]'),c=new RegExp(\"^https?:$\",\"i\"),i=0;i<o.length;i++)o[i].style.display=\"none\";for(i=0;i<a.length;i++)s=a[i],e.source===s.contentWindow&&(s.removeAttribute(\"style\"),\"height\"===t.message?(1e3<(r=parseInt(t.value,10))?r=1e3:~~r<200&&(r=200),s.height=r):\"link\"===t.message&&(r=new URL(s.getAttribute(\"src\")),n=new URL(t.value),c.test(n.protocol))&&n.host===r.host&&l.activeElement===s&&(d.top.location.href=t.value))}},d.addEventListener(\"message\",d.wp.receiveEmbedMessage,!1),l.addEventListener(\"DOMContentLoaded\",function(){for(var e,t,s=l.querySelectorAll(\"iframe.wp-embedded-content\"),r=0;r<s.length;r++)(t=(e=s[r]).getAttribute(\"data-secret\"))||(t=Math.random().toString(36).substring(2,12),e.src+=\"#?secret=\"+t,e.setAttribute(\"data-secret\",t)),e.contentWindow.postMessage({message:\"ready\",secret:t},\"*\")},!1)))}(window,document);\n\/* ]]> *\/\n<\/script>\n","description":"El pr\u00f3ximo 25 de noviembre desde las 4:00 pm en el celebrado Teatro el Ensue\u00f1o, se llevar\u00e1 a cabo la clausura del IV festival creadores a la escena, encuentro joven de teatro, bajo el lema \u201cSubamos el tel\u00f3n&#8221;.&nbsp;Este encuentro se ha venido caracterizando desde el mes de septiembre por su apuesta al fortalecimiento de la [&hellip;]","thumbnail_url":"https:\/\/www.crea.gov.co\/crea-gustavo-restrepo\/wp-content\/uploads\/sites\/15\/2021\/11\/CREADORES-A-LA-ESCENA_1500x1500px_clausura_25nov-1024x694.jpg"}

El próximo 25 de noviembre desde las 4:00 pm en el celebrado Teatro el Ensueño, se llevará a cabo la clausura del IV festival creadores a la escena, encuentro joven de teatro, bajo el lema “Subamos el telón&#8221;.&nbsp;Este encuentro se ha venido caracterizando desde el mes de septiembre por su apuesta al fortalecimiento de la [&hellip;]
