{"version":"1.0","provider_name":"Crea Cantarrana","provider_url":"https:\/\/www.crea.gov.co\/crea-cantarrana","author_name":"andreabuitrago","author_url":"https:\/\/www.crea.gov.co\/crea-cantarrana\/author\/andreabuitrago\/","title":"Disfruta de las vacaciones Crea Cantarrana - Crea Cantarrana","type":"rich","width":600,"height":338,"html":"<blockquote class=\"wp-embedded-content\" data-secret=\"qOLoaDUqRb\"><a href=\"https:\/\/www.crea.gov.co\/crea-cantarrana\/disfruta-de-las-vaciones-crea-cantarrana\/\">Disfruta de las vacaciones Crea Cantarrana<\/a><\/blockquote><iframe sandbox=\"allow-scripts\" security=\"restricted\" src=\"https:\/\/www.crea.gov.co\/crea-cantarrana\/disfruta-de-las-vaciones-crea-cantarrana\/embed\/#?secret=qOLoaDUqRb\" width=\"600\" height=\"338\" title=\"&#8220;Disfruta de las vacaciones Crea Cantarrana&#8221; &#8212; Crea Cantarrana\" data-secret=\"qOLoaDUqRb\" frameborder=\"0\" marginwidth=\"0\" marginheight=\"0\" scrolling=\"no\" class=\"wp-embedded-content\"><\/iframe><script type=\"text\/javascript\">\n\/* <![CDATA[ *\/\n\/*! This file is auto-generated *\/\n!function(d,l){\"use strict\";l.querySelector&&d.addEventListener&&\"undefined\"!=typeof URL&&(d.wp=d.wp||{},d.wp.receiveEmbedMessage||(d.wp.receiveEmbedMessage=function(e){var t=e.data;if((t||t.secret||t.message||t.value)&&!\/[^a-zA-Z0-9]\/.test(t.secret)){for(var s,r,n,a=l.querySelectorAll('iframe[data-secret=\"'+t.secret+'\"]'),o=l.querySelectorAll('blockquote[data-secret=\"'+t.secret+'\"]'),c=new RegExp(\"^https?:$\",\"i\"),i=0;i<o.length;i++)o[i].style.display=\"none\";for(i=0;i<a.length;i++)s=a[i],e.source===s.contentWindow&&(s.removeAttribute(\"style\"),\"height\"===t.message?(1e3<(r=parseInt(t.value,10))?r=1e3:~~r<200&&(r=200),s.height=r):\"link\"===t.message&&(r=new URL(s.getAttribute(\"src\")),n=new URL(t.value),c.test(n.protocol))&&n.host===r.host&&l.activeElement===s&&(d.top.location.href=t.value))}},d.addEventListener(\"message\",d.wp.receiveEmbedMessage,!1),l.addEventListener(\"DOMContentLoaded\",function(){for(var e,t,s=l.querySelectorAll(\"iframe.wp-embedded-content\"),r=0;r<s.length;r++)(t=(e=s[r]).getAttribute(\"data-secret\"))||(t=Math.random().toString(36).substring(2,12),e.src+=\"#?secret=\"+t,e.setAttribute(\"data-secret\",t)),e.contentWindow.postMessage({message:\"ready\",secret:t},\"*\")},!1)))}(window,document);\n\/* ]]> *\/\n<\/script>\n","thumbnail_url":"https:\/\/www.crea.gov.co\/crea-cantarrana\/wp-content\/uploads\/sites\/17\/2022\/06\/WhatsApp-Image-2022-06-02-at-12.56.38-PM-2.jpeg","thumbnail_width":640,"thumbnail_height":424,"description":"\u00bfAburrido(a) y no sabes qu\u00e9 hacer en vacaciones? Inscr\u00edbete en los talleres gratuitos El Programa Crea&nbsp;del&nbsp;Instituto Distrital de las Artes \u2013 Idartes&nbsp;tiene actividades para toda la familia. Durante el receso escolar disfruta de nuetros talleres de Formaci\u00f3n Art\u00edstica, del 13 de junio al 16 de julio podr\u00e1s disfrutar de nuestros cursos vacacionales en las \u00e1reas [&hellip;]"}

¿Aburrido(a) y no sabes qué hacer en vacaciones? Inscríbete en los talleres gratuitos El Programa Crea&nbsp;del&nbsp;Instituto Distrital de las Artes – Idartes&nbsp;tiene actividades para toda la familia. Durante el receso escolar disfruta de nuetros talleres de Formación Artística, del 13 de junio al 16 de julio podrás disfrutar de nuestros cursos vacacionales en las áreas [&hellip;]
